{"id":683,"date":"2018-07-25T15:06:14","date_gmt":"2018-07-25T18:06:14","guid":{"rendered":"https:\/\/isfdpaulofreire-mis.infd.edu.ar\/sitio\/?page_id=683"},"modified":"2022-04-08T20:19:39","modified_gmt":"2022-04-08T23:19:39","slug":"institucional","status":"publish","type":"page","link":"https:\/\/isfdpaulofreire-mis.infd.edu.ar\/sitio\/institucional\/","title":{"rendered":"EL INSTITUTO"},"content":{"rendered":"<p><em><strong><div  class=\"lgc-column lgc-grid-parent lgc-grid-40 lgc-tablet-grid-50 lgc-mobile-grid-100 lgc-equal-heights \"><div  class=\"inside-grid-column\">\n<p>El <em>Instituto Superior de Formaci\u00f3n Docente \u00abPaulo Freire\u00bb 1117<\/em> es un establecimiento P\u00fablico de Gesti\u00f3n Privada de Nivel Superior no Universitario, cuya entidad propietaria es el SIDEPP &#8211; Sindicato de Docentes de Educaci\u00f3n P\u00fablica de Gesti\u00f3n Privada, que pone a disposici\u00f3n un <strong>espacio de construcci\u00f3n compartida, solidaria y democr\u00e1tica, destinado a la formaci\u00f3n integral y espec\u00edfica<\/strong>, brindando las herramientas necesarias para formarse profesionalmente comprometidos con la educaci\u00f3n de calidad.<\/p>\n<p>Con la resoluci\u00f3n n\u00b0 542\/13, otorgado por el&nbsp; Servicio Provincial de Ense\u00f1anza Privada de Misiones se incorpora a&nbsp; la ense\u00f1anza oficial. Para el funcionamiento de las carreras de formaci\u00f3n docente inicial &nbsp;cuenta&nbsp; con la resoluci\u00f3n n\u00b0 381\/14 del <em>Profesorado de Educaci\u00f3n Secundaria en Matem\u00e1tica<\/em>, con el plan de estudio correspondiente a Rs. 660\/13 y la resoluci\u00f3n n\u00b0 382\/14 del <em>Profesorado de Educaci\u00f3n Secundaria en Lengua y Literatura<\/em>, con el plan de estudio correspondiente a Rs. 661\/13.<\/p>\n<p><em><strong><img decoding=\"async\" loading=\"lazy\" class=\"alignright  wp-image-1088\" src=\"https:\/\/isfdpaulofreire-mis.infd.edu.ar\/sitio\/wp-content\/uploads\/2020\/03\/estandarteeditado.png\" alt=\"\" width=\"400\" height=\"365\" srcset=\"https:\/\/isfdpaulofreire-mis.infd.edu.ar\/sitio\/wp-content\/uploads\/2020\/03\/estandarteeditado.png 805w, https:\/\/isfdpaulofreire-mis.infd.edu.ar\/sitio\/wp-content\/uploads\/2020\/03\/estandarteeditado-768x700.png 768w\" sizes=\"(max-width: 400px) 100vw, 400px\" \/><\/strong><\/em><\/p><\/div><\/div><\/strong><\/em><\/p>\n<p><em><strong><div  class=\"lgc-column lgc-grid-parent lgc-grid-40 lgc-tablet-grid-50 lgc-mobile-grid-100 lgc-equal-heights \"><div  class=\"inside-grid-column\">\n<p><strong>SE PROPONE COMO <span style=\"color: #ff0000;\"><em>MISI\u00d3N<\/em><\/span>:<\/strong><br \/>\nPoner a disposici\u00f3n de todos los integrantes de la comunidad educativa un espacio de construcci\u00f3n compartida, solidaria y democr\u00e1tica, destinado a la formaci\u00f3n integral y&nbsp;espec\u00edfica de quienes quieran formar parte de esta instituci\u00f3n, brind\u00e1ndoles las herramientas necesarias para que puedan formarse profesionalmente comprometidos con la educaci\u00f3n de calidad dirigida a los j\u00f3venes de la actualidad, atendiendo especialmente a la promoci\u00f3n, difusi\u00f3n y transmisi\u00f3n de la cultura y del patrimonio com\u00fan de los valores de nuestra nacionalidad, teniendo presente el lugar estrat\u00e9gico que ocupa la provincia en el Nordeste argentino y en el espacio de integraci\u00f3n regional del Mercosur.<\/p>\n<p><span style=\"color: #ff0000;\"><em><strong>VISI\u00d3N<\/strong><\/em><\/span><br \/>\nFormar profesionales de la educaci\u00f3n capaces de comprender la realidad hist\u00f3rica, social e individual de los alumnos, proponiendo acciones con enriquecidas experiencias de aprendizajes argumentadas pedag\u00f3gica y did\u00e1cticamente, respetando el proceso de formaci\u00f3n acad\u00e9mica y el desarrollo de la personalidad al transmitir la cultura as\u00ed como brindar una socializaci\u00f3n humanizadora. A su vez preparar docentes responsables y comprometidos con el trabajo colectivo dispuestos al perfeccionamiento permanente, propendiendo con sensibilidad social a la mejora de la calidad de vida de los integrantes de la sociedad.<\/p>\n<p><em><strong><\/strong><\/em><\/p><\/div><\/div><\/strong><\/em><\/p>\n","protected":false},"excerpt":{"rendered":"","protected":false},"author":6,"featured_media":0,"parent":0,"menu_order":0,"comment_status":"closed","ping_status":"closed","template":"","meta":[],"acf":[],"_links":{"self":[{"href":"https:\/\/isfdpaulofreire-mis.infd.edu.ar\/sitio\/wp-json\/wp\/v2\/pages\/683"}],"collection":[{"href":"https:\/\/isfdpaulofreire-mis.infd.edu.ar\/sitio\/wp-json\/wp\/v2\/pages"}],"about":[{"href":"https:\/\/isfdpaulofreire-mis.infd.edu.ar\/sitio\/wp-json\/wp\/v2\/types\/page"}],"author":[{"embeddable":true,"href":"https:\/\/isfdpaulofreire-mis.infd.edu.ar\/sitio\/wp-json\/wp\/v2\/users\/6"}],"replies":[{"embeddable":true,"href":"https:\/\/isfdpaulofreire-mis.infd.edu.ar\/sitio\/wp-json\/wp\/v2\/comments?post=683"}],"version-history":[{"count":10,"href":"https:\/\/isfdpaulofreire-mis.infd.edu.ar\/sitio\/wp-json\/wp\/v2\/pages\/683\/revisions"}],"predecessor-version":[{"id":2011,"href":"https:\/\/isfdpaulofreire-mis.infd.edu.ar\/sitio\/wp-json\/wp\/v2\/pages\/683\/revisions\/2011"}],"wp:attachment":[{"href":"https:\/\/isfdpaulofreire-mis.infd.edu.ar\/sitio\/wp-json\/wp\/v2\/media?parent=683"}],"curies":[{"name":"wp","href":"https:\/\/api.w.org\/{rel}","templated":true}]}}