{"id":1075,"date":"2020-03-22T11:15:09","date_gmt":"2020-03-22T14:15:09","guid":{"rendered":"https:\/\/isfdpaulofreire-mis.infd.edu.ar\/sitio\/?page_id=1075"},"modified":"2026-04-28T22:02:02","modified_gmt":"2026-04-29T01:02:02","slug":"inscripciones-a-cursos","status":"publish","type":"page","link":"https:\/\/isfdpaulofreire-mis.infd.edu.ar\/sitio\/inscripciones-a-cursos\/","title":{"rendered":"CAPACITACIONES"},"content":{"rendered":"\n<p><strong>\u00a0\u00a0\u00a0\u00a0\u00a0\u00a0\u00a0\u00a0\u00a0                       <\/strong><\/p>\n\n\n\n<p class=\"has-text-align-center has-very-light-gray-to-cyan-bluish-gray-gradient-background has-background has-medium-font-size\"><strong>CAPACITACIONES 2026<\/strong><\/p>\n\n\n\n<div class=\"wp-block-columns is-layout-flex wp-container-8\">\n<div class=\"wp-block-column is-layout-flow\">\n<figure class=\"wp-block-gallery has-nested-images columns-default is-cropped wp-block-gallery-1 is-layout-flex\">\n<figure class=\"wp-block-image size-large\"><img decoding=\"async\" loading=\"lazy\" width=\"1519\" height=\"1900\" src=\"https:\/\/isfdpaulofreire-mis.infd.edu.ar\/sitio\/wp-content\/uploads\/2026\/04\/1777423851792-1519x1900.jpg\" alt=\"\" class=\"wp-image-4525\" srcset=\"https:\/\/isfdpaulofreire-mis.infd.edu.ar\/sitio\/wp-content\/uploads\/2026\/04\/1777423851792-1519x1900.jpg 1519w, https:\/\/isfdpaulofreire-mis.infd.edu.ar\/sitio\/wp-content\/uploads\/2026\/04\/1777423851792-800x1000.jpg 800w, https:\/\/isfdpaulofreire-mis.infd.edu.ar\/sitio\/wp-content\/uploads\/2026\/04\/1777423851792-768x960.jpg 768w, https:\/\/isfdpaulofreire-mis.infd.edu.ar\/sitio\/wp-content\/uploads\/2026\/04\/1777423851792-1228x1536.jpg 1228w, https:\/\/isfdpaulofreire-mis.infd.edu.ar\/sitio\/wp-content\/uploads\/2026\/04\/1777423851792-1638x2048.jpg 1638w, https:\/\/isfdpaulofreire-mis.infd.edu.ar\/sitio\/wp-content\/uploads\/2026\/04\/1777423851792.jpg 2047w\" sizes=\"(max-width: 1519px) 100vw, 1519px\" \/><\/figure>\n<\/figure>\n<\/div>\n\n\n\n<div class=\"wp-block-column is-layout-flow\">\n<figure class=\"wp-block-gallery has-nested-images columns-default is-cropped wp-block-gallery-4 is-layout-flex\">\n<figure class=\"wp-block-image size-large\"><img decoding=\"async\" loading=\"lazy\" width=\"1279\" height=\"1600\" src=\"https:\/\/isfdpaulofreire-mis.infd.edu.ar\/sitio\/wp-content\/uploads\/2026\/04\/1777423851772.jpg\" alt=\"\" class=\"wp-image-4526\" srcset=\"https:\/\/isfdpaulofreire-mis.infd.edu.ar\/sitio\/wp-content\/uploads\/2026\/04\/1777423851772.jpg 1279w, https:\/\/isfdpaulofreire-mis.infd.edu.ar\/sitio\/wp-content\/uploads\/2026\/04\/1777423851772-799x1000.jpg 799w, https:\/\/isfdpaulofreire-mis.infd.edu.ar\/sitio\/wp-content\/uploads\/2026\/04\/1777423851772-768x961.jpg 768w, https:\/\/isfdpaulofreire-mis.infd.edu.ar\/sitio\/wp-content\/uploads\/2026\/04\/1777423851772-1228x1536.jpg 1228w\" sizes=\"(max-width: 1279px) 100vw, 1279px\" \/><\/figure>\n<\/figure>\n<\/div>\n\n\n\n<div class=\"wp-block-column is-layout-flow\"><\/div>\n<\/div>\n\n\n\n<p class=\"has-text-align-center has-very-light-gray-to-cyan-bluish-gray-gradient-background has-background has-medium-font-size\"><strong><strong>CAPACITACIONES<\/strong> 2025<\/strong><\/p>\n\n\n\n<div class=\"wp-block-columns is-layout-flex wp-container-16\">\n<div class=\"wp-block-column is-layout-flow\">\n<figure class=\"wp-block-gallery has-nested-images columns-default is-cropped wp-block-gallery-9 is-layout-flex\">\n<figure class=\"wp-block-image size-full\"><img decoding=\"async\" loading=\"lazy\" width=\"1024\" height=\"1280\" src=\"https:\/\/isfdpaulofreire-mis.infd.edu.ar\/sitio\/wp-content\/uploads\/2026\/04\/1777423851752.jpg\" alt=\"\" class=\"wp-image-4527\" srcset=\"https:\/\/isfdpaulofreire-mis.infd.edu.ar\/sitio\/wp-content\/uploads\/2026\/04\/1777423851752.jpg 1024w, https:\/\/isfdpaulofreire-mis.infd.edu.ar\/sitio\/wp-content\/uploads\/2026\/04\/1777423851752-800x1000.jpg 800w, https:\/\/isfdpaulofreire-mis.infd.edu.ar\/sitio\/wp-content\/uploads\/2026\/04\/1777423851752-768x960.jpg 768w\" sizes=\"(max-width: 1024px) 100vw, 1024px\" \/><\/figure>\n<\/figure>\n<\/div>\n\n\n\n<div class=\"wp-block-column is-layout-flow\">\n<figure class=\"wp-block-gallery has-nested-images columns-default is-cropped wp-block-gallery-12 is-layout-flex\"><\/figure>\n<\/div>\n\n\n\n<div class=\"wp-block-column is-layout-flow\"><\/div>\n<\/div>\n\n\n\n<p class=\"has-text-align-center has-very-light-gray-to-cyan-bluish-gray-gradient-background has-background has-medium-font-size\"><strong><strong>CAPACITACIONES<\/strong> 2024<\/strong><\/p>\n\n\n\n<p class=\"has-text-align-center has-very-light-gray-to-cyan-bluish-gray-gradient-background has-background has-medium-font-size\"><strong>CAPACITACIONES 2023<\/strong><\/p>\n\n\n\n<div class=\"wp-block-columns is-layout-flex wp-container-20\">\n<div class=\"wp-block-column is-layout-flow\">\n<figure class=\"wp-block-image size-large\"><img decoding=\"async\" loading=\"lazy\" width=\"1343\" height=\"1900\" src=\"https:\/\/isfdpaulofreire-mis.infd.edu.ar\/sitio\/wp-content\/uploads\/2024\/02\/17-de-mayo-1343x1900.png\" alt=\"\" class=\"wp-image-4299\" srcset=\"https:\/\/isfdpaulofreire-mis.infd.edu.ar\/sitio\/wp-content\/uploads\/2024\/02\/17-de-mayo-1343x1900.png 1343w, https:\/\/isfdpaulofreire-mis.infd.edu.ar\/sitio\/wp-content\/uploads\/2024\/02\/17-de-mayo-707x1000.png 707w, https:\/\/isfdpaulofreire-mis.infd.edu.ar\/sitio\/wp-content\/uploads\/2024\/02\/17-de-mayo-768x1086.png 768w, https:\/\/isfdpaulofreire-mis.infd.edu.ar\/sitio\/wp-content\/uploads\/2024\/02\/17-de-mayo-1086x1536.png 1086w, https:\/\/isfdpaulofreire-mis.infd.edu.ar\/sitio\/wp-content\/uploads\/2024\/02\/17-de-mayo.png 1414w\" sizes=\"(max-width: 1343px) 100vw, 1343px\" \/><\/figure>\n<\/div>\n\n\n\n<div class=\"wp-block-column is-layout-flow\">\n<figure class=\"wp-block-image size-large\"><img decoding=\"async\" loading=\"lazy\" width=\"1343\" height=\"1900\" src=\"https:\/\/isfdpaulofreire-mis.infd.edu.ar\/sitio\/wp-content\/uploads\/2024\/02\/Flyer-vertical-A4-escritura-creativa-moderno-tonos-neutros-1343x1900.png\" alt=\"\" class=\"wp-image-4296\" srcset=\"https:\/\/isfdpaulofreire-mis.infd.edu.ar\/sitio\/wp-content\/uploads\/2024\/02\/Flyer-vertical-A4-escritura-creativa-moderno-tonos-neutros-1343x1900.png 1343w, https:\/\/isfdpaulofreire-mis.infd.edu.ar\/sitio\/wp-content\/uploads\/2024\/02\/Flyer-vertical-A4-escritura-creativa-moderno-tonos-neutros-707x1000.png 707w, https:\/\/isfdpaulofreire-mis.infd.edu.ar\/sitio\/wp-content\/uploads\/2024\/02\/Flyer-vertical-A4-escritura-creativa-moderno-tonos-neutros-768x1086.png 768w, https:\/\/isfdpaulofreire-mis.infd.edu.ar\/sitio\/wp-content\/uploads\/2024\/02\/Flyer-vertical-A4-escritura-creativa-moderno-tonos-neutros-1086x1536.png 1086w, https:\/\/isfdpaulofreire-mis.infd.edu.ar\/sitio\/wp-content\/uploads\/2024\/02\/Flyer-vertical-A4-escritura-creativa-moderno-tonos-neutros.png 1414w\" sizes=\"(max-width: 1343px) 100vw, 1343px\" \/><\/figure>\n<\/div>\n\n\n\n<div class=\"wp-block-column is-layout-flow\">\n<figure class=\"wp-block-image size-full\"><img decoding=\"async\" loading=\"lazy\" width=\"675\" height=\"900\" src=\"https:\/\/isfdpaulofreire-mis.infd.edu.ar\/sitio\/wp-content\/uploads\/2024\/02\/Diseno-sin-titulo-edited-1.png\" alt=\"\" class=\"wp-image-4310\"\/><\/figure>\n<\/div>\n<\/div>\n\n\n\n<div class=\"wp-block-columns is-layout-flex wp-container-24\">\n<div class=\"wp-block-column is-layout-flow\">\n<figure class=\"wp-block-image size-full is-resized\"><img decoding=\"async\" loading=\"lazy\" src=\"https:\/\/isfdpaulofreire-mis.infd.edu.ar\/sitio\/wp-content\/uploads\/2024\/01\/image-14.png\" alt=\"\" class=\"wp-image-4159\" width=\"303\" height=\"447\"\/><\/figure>\n<\/div>\n\n\n\n<div class=\"wp-block-column is-layout-flow\">\n<figure class=\"wp-block-image size-large\"><img decoding=\"async\" loading=\"lazy\" width=\"1343\" height=\"1900\" src=\"https:\/\/isfdpaulofreire-mis.infd.edu.ar\/sitio\/wp-content\/uploads\/2024\/02\/Marron-Planetas-del-Espacio-Exterior-Investigacion-sobre-el-Sistema-Solar-Poster-1343x1900.png\" alt=\"\" class=\"wp-image-4298\" srcset=\"https:\/\/isfdpaulofreire-mis.infd.edu.ar\/sitio\/wp-content\/uploads\/2024\/02\/Marron-Planetas-del-Espacio-Exterior-Investigacion-sobre-el-Sistema-Solar-Poster-1343x1900.png 1343w, https:\/\/isfdpaulofreire-mis.infd.edu.ar\/sitio\/wp-content\/uploads\/2024\/02\/Marron-Planetas-del-Espacio-Exterior-Investigacion-sobre-el-Sistema-Solar-Poster-707x1000.png 707w, https:\/\/isfdpaulofreire-mis.infd.edu.ar\/sitio\/wp-content\/uploads\/2024\/02\/Marron-Planetas-del-Espacio-Exterior-Investigacion-sobre-el-Sistema-Solar-Poster-768x1086.png 768w, https:\/\/isfdpaulofreire-mis.infd.edu.ar\/sitio\/wp-content\/uploads\/2024\/02\/Marron-Planetas-del-Espacio-Exterior-Investigacion-sobre-el-Sistema-Solar-Poster-1086x1536.png 1086w, https:\/\/isfdpaulofreire-mis.infd.edu.ar\/sitio\/wp-content\/uploads\/2024\/02\/Marron-Planetas-del-Espacio-Exterior-Investigacion-sobre-el-Sistema-Solar-Poster.png 1587w\" sizes=\"(max-width: 1343px) 100vw, 1343px\" \/><\/figure>\n<\/div>\n\n\n\n<div class=\"wp-block-column is-layout-flow\"><div class=\"wp-block-image\">\n<figure class=\"aligncenter size-large is-resized\"><img decoding=\"async\" loading=\"lazy\" src=\"https:\/\/isfdpaulofreire-mis.infd.edu.ar\/sitio\/wp-content\/uploads\/2024\/02\/Blue-White-Modern-Digital-Marketing-Instagram-Story-1069x1900.png\" alt=\"\" class=\"wp-image-4295\" width=\"257\" height=\"456\" srcset=\"https:\/\/isfdpaulofreire-mis.infd.edu.ar\/sitio\/wp-content\/uploads\/2024\/02\/Blue-White-Modern-Digital-Marketing-Instagram-Story-1069x1900.png 1069w, https:\/\/isfdpaulofreire-mis.infd.edu.ar\/sitio\/wp-content\/uploads\/2024\/02\/Blue-White-Modern-Digital-Marketing-Instagram-Story-563x1000.png 563w, https:\/\/isfdpaulofreire-mis.infd.edu.ar\/sitio\/wp-content\/uploads\/2024\/02\/Blue-White-Modern-Digital-Marketing-Instagram-Story-768x1365.png 768w, https:\/\/isfdpaulofreire-mis.infd.edu.ar\/sitio\/wp-content\/uploads\/2024\/02\/Blue-White-Modern-Digital-Marketing-Instagram-Story-864x1536.png 864w, https:\/\/isfdpaulofreire-mis.infd.edu.ar\/sitio\/wp-content\/uploads\/2024\/02\/Blue-White-Modern-Digital-Marketing-Instagram-Story.png 1080w\" sizes=\"(max-width: 257px) 100vw, 257px\" \/><\/figure><\/div><\/div>\n<\/div>\n\n\n\n<p class=\"has-text-align-center has-very-light-gray-to-cyan-bluish-gray-gradient-background has-background has-medium-font-size\"><strong><strong>CAPACITACIONES<\/strong> 2022<\/strong><\/p>\n\n\n<div class=\"wp-block-image\">\n<figure class=\"aligncenter size-full is-resized\"><img decoding=\"async\" loading=\"lazy\" src=\"https:\/\/isfdpaulofreire-mis.infd.edu.ar\/sitio\/wp-content\/uploads\/2023\/03\/instagram-story-anuncio-evento-con-foto-amarillo-naranja-2.png\" alt=\"\" class=\"wp-image-3142\" width=\"405\" height=\"720\"\/><\/figure><\/div>\n\n\n<p class=\"has-text-align-center has-very-light-gray-to-cyan-bluish-gray-gradient-background has-background has-medium-font-size\"><strong><strong>CAPACITACIONES<\/strong> 2021<\/strong><\/p>\n\n\n<div class=\"wp-block-image\">\n<figure class=\"aligncenter size-large is-resized\"><img decoding=\"async\" loading=\"lazy\" src=\"https:\/\/isfdpaulofreire-mis.infd.edu.ar\/sitio\/wp-content\/uploads\/2021\/08\/image-3.png\" alt=\"\" class=\"wp-image-1620\" width=\"731\" height=\"531\"\/><figcaption class=\"wp-element-caption\">** Con la posibilidad de continuar Objetivo Desarrollo Sostenible nivel gerenciamiento.<\/figcaption><\/figure><\/div>\n\n\n<div class=\"wp-block-columns is-layout-flex wp-container-28\">\n<div class=\"wp-block-column is-layout-flow\">\n<figure class=\"wp-block-image size-large is-style-default\"><img decoding=\"async\" loading=\"lazy\" width=\"678\" height=\"960\" src=\"https:\/\/isfdpaulofreire-mis.infd.edu.ar\/sitio\/wp-content\/uploads\/2021\/11\/240107058_3119197098351971_6014123215937090140_n.jpg\" alt=\"\" class=\"wp-image-1763\"\/><\/figure>\n<\/div>\n\n\n\n<div class=\"wp-block-column is-layout-flow\">\n<figure class=\"wp-block-image size-large is-style-default\"><img decoding=\"async\" loading=\"lazy\" width=\"544\" height=\"768\" src=\"https:\/\/isfdpaulofreire-mis.infd.edu.ar\/sitio\/wp-content\/uploads\/2021\/11\/239519497_3119197138351967_1651734915157349569_n.jpg\" alt=\"\" class=\"wp-image-1764\"\/><\/figure>\n<\/div>\n\n\n\n<div class=\"wp-block-column is-layout-flow\">\n<figure class=\"wp-block-image size-large is-style-default\"><img decoding=\"async\" loading=\"lazy\" width=\"678\" height=\"960\" src=\"https:\/\/isfdpaulofreire-mis.infd.edu.ar\/sitio\/wp-content\/uploads\/2021\/11\/239477405_3119197188351962_46069512972590407_n.jpg\" alt=\"\" class=\"wp-image-1765\"\/><\/figure>\n<\/div>\n<\/div>\n\n\n\n<div class=\"wp-block-columns is-layout-flex wp-container-31\">\n<div class=\"wp-block-column is-layout-flow\"><div class=\"wp-block-image is-style-default\">\n<figure class=\"aligncenter size-large is-resized\"><img decoding=\"async\" loading=\"lazy\" src=\"https:\/\/isfdpaulofreire-mis.infd.edu.ar\/sitio\/wp-content\/uploads\/2021\/11\/240106442_3119197051685309_4963247613149666076_n.jpg\" alt=\"\" class=\"wp-image-1762\" width=\"339\" height=\"480\"\/><\/figure><\/div><\/div>\n\n\n\n<div class=\"wp-block-column is-layout-flow\">\n<figure class=\"wp-block-image size-large is-resized is-style-default\"><img decoding=\"async\" loading=\"lazy\" src=\"https:\/\/isfdpaulofreire-mis.infd.edu.ar\/sitio\/wp-content\/uploads\/2021\/11\/239314168_3119197225018625_1352174103296909021_n.jpg\" alt=\"\" class=\"wp-image-1766\" width=\"339\" height=\"480\"\/><\/figure>\n<\/div>\n<\/div>\n\n\n\n<p class=\"has-medium-font-size\">Continuaci\u00f3n del Post\u00edtulo Docente \u00abNeurociencias y Educaci\u00f3n\u00bb a cargo del Equipo de Capacitadores del ISFD San Jos\u00e9 de Eldorado. <\/p>\n\n\n\n<p class=\"has-medium-font-size\">&#8211; 2019 Actualizaci\u00f3n Acad\u00e9mica  <\/p>\n\n\n\n<p class=\"has-medium-font-size\">&#8211; 2020 Especializaci\u00f3n<\/p>\n\n\n\n<p class=\"has-medium-font-size\">&#8211; 2021 (desde mayo hasta noviembre) Diplomatura<\/p>\n\n\n\n<p class=\"has-text-align-center has-very-light-gray-to-cyan-bluish-gray-gradient-background has-background has-medium-font-size\"><strong><strong>CAPACITACIONES<\/strong> 2020<\/strong><\/p>\n\n\n<div class=\"wp-block-image\">\n<figure class=\"aligncenter size-full\"><img decoding=\"async\" loading=\"lazy\" width=\"608\" height=\"274\" src=\"https:\/\/isfdpaulofreire-mis.infd.edu.ar\/sitio\/wp-content\/uploads\/2023\/03\/capacitaciones-.png\" alt=\"\" class=\"wp-image-3139\"\/><\/figure><\/div>","protected":false},"excerpt":{"rendered":"<p>\u00a0\u00a0\u00a0\u00a0\u00a0\u00a0\u00a0\u00a0\u00a0 CAPACITACIONES 2026 CAPACITACIONES 2025 CAPACITACIONES 2024 CAPACITACIONES 2023 CAPACITACIONES 2022 CAPACITACIONES 2021 Continuaci\u00f3n del Post\u00edtulo Docente \u00abNeurociencias y Educaci\u00f3n\u00bb a cargo del Equipo de Capacitadores del ISFD San Jos\u00e9 de Eldorado. &#8211; 2019 Actualizaci\u00f3n Acad\u00e9mica &#8211; 2020 Especializaci\u00f3n &#8211; 2021 (desde mayo hasta noviembre) Diplomatura CAPACITACIONES 2020<\/p>\n","protected":false},"author":13,"featured_media":0,"parent":0,"menu_order":0,"comment_status":"closed","ping_status":"closed","template":"","meta":[],"acf":[],"_links":{"self":[{"href":"https:\/\/isfdpaulofreire-mis.infd.edu.ar\/sitio\/wp-json\/wp\/v2\/pages\/1075"}],"collection":[{"href":"https:\/\/isfdpaulofreire-mis.infd.edu.ar\/sitio\/wp-json\/wp\/v2\/pages"}],"about":[{"href":"https:\/\/isfdpaulofreire-mis.infd.edu.ar\/sitio\/wp-json\/wp\/v2\/types\/page"}],"author":[{"embeddable":true,"href":"https:\/\/isfdpaulofreire-mis.infd.edu.ar\/sitio\/wp-json\/wp\/v2\/users\/13"}],"replies":[{"embeddable":true,"href":"https:\/\/isfdpaulofreire-mis.infd.edu.ar\/sitio\/wp-json\/wp\/v2\/comments?post=1075"}],"version-history":[{"count":29,"href":"https:\/\/isfdpaulofreire-mis.infd.edu.ar\/sitio\/wp-json\/wp\/v2\/pages\/1075\/revisions"}],"predecessor-version":[{"id":4530,"href":"https:\/\/isfdpaulofreire-mis.infd.edu.ar\/sitio\/wp-json\/wp\/v2\/pages\/1075\/revisions\/4530"}],"wp:attachment":[{"href":"https:\/\/isfdpaulofreire-mis.infd.edu.ar\/sitio\/wp-json\/wp\/v2\/media?parent=1075"}],"curies":[{"name":"wp","href":"https:\/\/api.w.org\/{rel}","templated":true}]}}